{"id":2203,"date":"2021-02-04T16:26:41","date_gmt":"2021-02-04T15:26:41","guid":{"rendered":"http:\/\/nightangel.dk\/?page_id=2203"},"modified":"2021-02-04T16:26:41","modified_gmt":"2021-02-04T15:26:41","slug":"hamstere-og-covid-19-sars-cov-2","status":"publish","type":"page","link":"https:\/\/nightangel.dk\/?page_id=2203","title":{"rendered":"Hamstere og COVID-19 (SARS-CoV-2)"},"content":{"rendered":"<p>Jeg har i l\u00f8bet af det sidste \u00e5rs tid flere gange set sp\u00f8rgsm\u00e5l om hvorvidt hamstere kan smittes med COVID-19, og om hvorvidt det er sikkert at snakke med sine hamstere, hvis man er i risiko for at v\u00e6re smittet. Som f\u00f8lge af et s\u00e5dant sp\u00f8rgsm\u00e5l, hvor der var en del tvivl, ogs\u00e5 fra min egen side, valgte jeg at kigge p\u00e5 de videnskabelige unders\u00f8gelser. F\u00f8rst kommer et kort svar, og herefter vil g\u00e5es der dybere ind i hvad unders\u00f8gelserne viste.<\/p>\n<p>&nbsp;<\/p>\n<h3>Det korte svar<\/h3>\n<p>Ja, hamstere kan smittes med COVID-19. Guldhamstere, campbells, vinterhvide og kinesiske ser alle ud til at f\u00e5 hvad der svarer til en moderat infektion hos mennesker, men kommer over det i l\u00f8bet af 14 dage. Roborovskier f\u00e5r hvad der svarer til et alvorligt forl\u00f8b hos mennesker, og i unders\u00f8gelserne har man af etiske \u00e5rsager m\u00e5tte aflive dem ved 3-5 dage efter infektion grundet sv\u00e6rhedsgraden af symptomerne. Guldhamstere er ligeledes vist at kunne smitte hinanden, og et studie tyder p\u00e5 at deres lugtesans er p\u00e5virket.<\/p>\n<p>&nbsp;<\/p>\n<h3>Hvordan ved vi det<\/h3>\n<p>Da COVID-19 begyndte at sprede sig i verdenen, blev det vigtigt at finde dyrearter, som kunne bruges i dyrefors\u00f8g, b\u00e5de til at studere sygdommens forl\u00f8b, men ogs\u00e5 for at kunne teste forskellige behandlinger f\u00f8r disse kan afpr\u00f8ves p\u00e5 mennesker (Bertzbach et al., 2020; Imai et al., 2020; Osterrieder et al., 2020; Rosenke et al., 2020). Dette er standard for studier af sygdomme og udvikling af behandlinger.<br \/>\nUnders\u00f8gelser viste at COVID-19 bruger et enzym kaldet ACE-2 til at komme ind i luftvejenes celler. Ud fra den viden, kunne man udv\u00e6lge dyrearter, som man vidste havde et ACE-2 der ligner menneskers, og derfor m\u00e5ske kunne blive smittet og udvikle sygdomsforl\u00f8b lignende menneskers(Trimpert et al., 2020). Flere arter har vist sig at kunne smittes, blandt andet katte, fritter, makakaber, frugtflagermus, tr\u00e6spidsmus og mink, og som beskrevet her hamstere (Abdel-Moneim &amp; Abdelwhab, 2020; Lakdawala &amp; Menachery, 2020; Trimpert et al., 2020).<br \/>\nHamstere viste sig at v\u00e6re nogle af de f\u00e5 arter, som udviklede sygdomsforl\u00f8b og symptomer der var sammenlignelig med mennesker. Der er derfor lavet en del unders\u00f8gelser af hamsteres sygdomsforl\u00f8b med COVID-19.<\/p>\n<p>&nbsp;<\/p>\n<h3>Hvad viste unders\u00f8gelserne<\/h3>\n<p>Alle de arter af hamstere, som vi holder som k\u00e6ledyr i Danmark har v\u00e6ret unders\u00f8gt i forbindelse med COVID-19, og alle har vist sig at kunne blive smittet (Abdel-Moneim &amp; Abdelwhab, 2020; Bertzbach et al., 2020; Lakdawala &amp; Menachery, 2020; Trimpert et al., 2020), og i hvert fald guldhamstere er vist at kunne smitte hinanden (Sia et al., 2020).<br \/>\nGuldhamstere Udviklede kliniske sygdomstegn inden for en uge efter infektion, og deres symptomer inkluderede sl\u00f8vhed, filtret pels, krumrygget stand, hurtig overfladisk vejrtr\u00e6kning og v\u00e6gttab. Ved obduktion fandtes tegn p\u00e5 lungebet\u00e6ndelse, bl\u00f8dninger og v\u00e6ske i lungerne. Guldhamstere var generelt raske igen 14 dage efter infektion (Abdel-Moneim &amp; Abdelwhab, 2020). Det er blevet unders\u00f8gt om alder og k\u00f8n for hamsteren har indflydelse p\u00e5 sygdomsforl\u00f8bet, et studie viste at \u00e6ldre hamstere var l\u00e6ngere tid om at komme sig i forhold til skader p\u00e5 lungerne (Osterrieder et al., 2020), et andet studie viste dog ingen forskel i sygdomsforl\u00f8bet i forhold til alder og k\u00f8n (Rosenke et al., 2020). Guldhamstere der er blevet inficeret er vist at danne antistoffer og v\u00e6re beskyttet mod geninfektion (Imai et al., 2020; Osterrieder et al., 2020). Et studie har unders\u00f8gt om guldhamstere kunne smitte hinanden. I et fors\u00f8g blev guldhamstere inficeret, og efter 24 timer blev de sat i samme bur som en rask hamster. Efter en dag var alle raske hamstere i fors\u00f8get inficeret. For at unders\u00f8ge om der var tale om smitte gennem fysisk kontakt med de samme objekter i buret eller gennem aerosoler, gennemf\u00f8rte man et fors\u00f8g med bure der stod 1,8 cm adskilt, og et hvor en rask hamster blev sat i et bur, hvor en inficeret hamster havde boet i 2 dage. Disse fors\u00f8g viste at smitten prim\u00e6rt skete gennem aerosoler, da alle raske hamstere der stod i et bur ved siden af en inficeret hamster blev inficeret 1 dag efter kontakt. I fors\u00f8get med en hamster i et bur brugt af en inficeret hamster, blev en tredjedel af de raske hamstere inficeret(Sia et al., 2020). Der er ogs\u00e5 lavet fors\u00f8g, som tyder p\u00e5, at guldhamstere mister noget af lugtesansen n\u00e5r de er smittet (Zhang et al., 2020).<br \/>\nUnders\u00f8gelse af kinesiske hamstere viste at deres sygdomsforl\u00f8b var sammenligneligt med guldhamstere, dog havde de mere udtalte symptomer, og det tog l\u00e6ngere tid for dem at blive raske igen. De udviste v\u00e6gttab allerede dagen efter infektion, og kropsv\u00e6gten var ikke n\u00e5et tilbage til normalv\u00e6gten 14 dage efter infektion. De udviklede b\u00e5de bronkitis og lungebet\u00e6ndelse, og begge dele var mildere end hos guldhamstere, men varede til geng\u00e6ld l\u00e6ngere(Bertzbach et al., 2020).<br \/>\nVinterhvid og campbells dv\u00e6rghamstere udviste begge samme forl\u00f8b som guldhamstere, og var raske igen 14 dage efter infektion. Campbells fremstod mere modstandsdygtig overfor infektionen end vinterhvid (Trimpert et al., 2020).<br \/>\nRoborovski dv\u00e6rghamstere viste sig at have det v\u00e6rste forl\u00f8b af alle hamsterarterne. Hvor de andre arters forl\u00f8b svarede til en moderat infektion hos mennesker, s\u00e5 var roborovski dv\u00e6rghamsteres forl\u00f8b sammenligneligt med et alvorligt forl\u00f8b hos mennesker. De udviklede hurtig og voldsom sygdom, der var betydeligt v\u00e6gttab (ca. 20% 3 dage efter infektion) og reduktion i kroptemperatur (fra 36 til 30\u00b0C 3 dage efter infektion). Deres pels var uglet, deres aktivitetsniveau var dramatisk reduceret og de havde vejrtr\u00e6kningsproblemer. Overordnet set fremstod flere af individerne d\u00f8deligt syge 3 dage efter infektion, og af humane \u00e5rsager blev alle roborovski dv\u00e6rghamstere aflivet 3 dage efter infektion. En unders\u00f8gelse hvor hamsterne blev inficeret med en dosis som var 95% mindre end standarddosis, som var brugt i f\u00f8rste fors\u00f8g\u00a0 forsinkede v\u00e6gttabet, reduktionen i kropstemperatur var mindre og det tydeligste tegn p\u00e5 infektion vat vejrtr\u00e6kningsproblemer. I dette fors\u00f8g blev hamsterne aflivet 4-5 dage efter infektion af humane \u00e5rsager grunden alvorligheden af infektionen(Trimpert et al., 2020).<\/p>\n<p>&nbsp;<\/p>\n<h3>Kilder<\/h3>\n<p>Abdel-Moneim, A. S., &amp; Abdelwhab, E. M. (2020). Evidence for SARS-COV-2 infection of animal hosts. <em>Pathogens<\/em>, <em>9<\/em>(7), 1\u201327. https:\/\/doi.org\/10.3390\/pathogens9070529<\/p>\n<p>Bertzbach, L. D., Vladimirova, D., Dietert, K., Abdelgawad, A., Gruber, A. D., Osterrieder, N., &amp; Trimpert, J. (2020). SARS-CoV-2 infection of Chinese hamsters (Cricetulus griseus) reproduces COVID-19 pneumonia in a well-established small animal model. <em>Transboundary and Emerging Diseases<\/em>, (July), 1\u20135. https:\/\/doi.org\/10.1111\/tbed.13837<\/p>\n<p>Imai, M., Iwatsuki-Horimoto, K., Hatta, M., Loeber, S., Halfmann, P. J., Nakajima, N., \u2026 Kawaoka, Y. (2020). Syrian hamsters as a small animal model for SARS-CoV-2 infection and countermeasure development. <em>Proceedings of the National Academy of Sciences of the United States of America<\/em>, <em>117<\/em>(28), 16587\u201316595. https:\/\/doi.org\/10.1073\/pnas.2009799117<\/p>\n<p>Lakdawala, S. S., &amp; Menachery, V. D. (2020). The search for a COVID-19 animal model. <em>Science<\/em>, <em>368<\/em>(6494), 942\u2013943. https:\/\/doi.org\/10.1126\/science.abc6141<\/p>\n<p>Osterrieder, N., Bertzbach, L. D., Dietert, K., &amp; Abdelgawad, A. (2020). Age-Dependent Progression of SARS-CoV-2 Infection. <em>Viruses<\/em>, <em>12<\/em>(7).<\/p>\n<p>Rosenke, K., Meade-White, K., Letko, M., Clancy, C., Hansen, F., Liu, Y., \u2026 Feldmann, H. (2020). Defining the Syrian hamster as a highly susceptible preclinical model for SARS-CoV-2 infection. <em>Emerging Microbes and Infections<\/em>, <em>9<\/em>(1), 2673\u20132684. https:\/\/doi.org\/10.1080\/22221751.2020.1858177<\/p>\n<p>Sia, S. F., Yan, L. M., Chin, A. W. H., Fung, K., Choy, K. T., Wong, A. Y. L., \u2026 Yen, H. L. (2020). Pathogenesis and transmission of SARS-CoV-2 in golden hamsters. <em>Nature<\/em>, <em>583<\/em>(7818), 834\u2013838. https:\/\/doi.org\/10.1038\/s41586-020-2342-5<\/p>\n<p>Trimpert, J., Vladimirova, D., Dietert, K., Abdelgawad, A., Kunec, D., D\u00f6kel, S., \u2026 Osterrieder, N. (2020). The Roborovski Dwarf Hamster Is A Highly Susceptible Model for a Rapid and Fatal Course of SARS-CoV-2 Infection. <em>Cell Reports<\/em>, <em>33<\/em>(10). https:\/\/doi.org\/10.1016\/j.celrep.2020.108488<\/p>\n<p>Zhang, A. J., Lee, A. C.-Y., Chu, H., Chan, J. F.-W., Fan, Z., Li, C., \u2026 Yuen, K.-Y. (2020). Severe Acute Respiratory Syndrome Coronavirus 2 Infects and Damages the Mature and Immature Olfactory Sensory Neurons of Hamsters. <em>Clinical Infectious Diseases<\/em>, (Xx Xxxx), 1\u201310. https:\/\/doi.org\/10.1093\/cid\/ciaa995<\/p>\n<p>&nbsp;<\/p>\n","protected":false},"excerpt":{"rendered":"<p>Jeg har i l\u00f8bet af det sidste \u00e5rs tid flere gange set sp\u00f8rgsm\u00e5l om hvorvidt hamstere kan smittes med COVID-19, og om hvorvidt det er sikkert at snakke med sine hamstere, hvis man er i risiko for at v\u00e6re smittet. &hellip; <a href=\"https:\/\/nightangel.dk\/?page_id=2203\">Continue reading <span class=\"meta-nav\">&rarr;<\/span><\/a><\/p>\n","protected":false},"author":1,"featured_media":0,"parent":0,"menu_order":0,"comment_status":"closed","ping_status":"closed","template":"","meta":{"footnotes":""},"class_list":["post-2203","page","type-page","status-publish","hentry"],"_links":{"self":[{"href":"https:\/\/nightangel.dk\/index.php?rest_route=\/wp\/v2\/pages\/2203","targetHints":{"allow":["GET"]}}],"collection":[{"href":"https:\/\/nightangel.dk\/index.php?rest_route=\/wp\/v2\/pages"}],"about":[{"href":"https:\/\/nightangel.dk\/index.php?rest_route=\/wp\/v2\/types\/page"}],"author":[{"embeddable":true,"href":"https:\/\/nightangel.dk\/index.php?rest_route=\/wp\/v2\/users\/1"}],"replies":[{"embeddable":true,"href":"https:\/\/nightangel.dk\/index.php?rest_route=%2Fwp%2Fv2%2Fcomments&post=2203"}],"version-history":[{"count":0,"href":"https:\/\/nightangel.dk\/index.php?rest_route=\/wp\/v2\/pages\/2203\/revisions"}],"wp:attachment":[{"href":"https:\/\/nightangel.dk\/index.php?rest_route=%2Fwp%2Fv2%2Fmedia&parent=2203"}],"curies":[{"name":"wp","href":"https:\/\/api.w.org\/{rel}","templated":true}]}}