{"id":217,"date":"2015-08-23T14:23:22","date_gmt":"2015-08-23T14:23:22","guid":{"rendered":"http:\/\/nightangel.dk\/wordpress-4.3\/wordpress\/?page_id=217"},"modified":"2015-08-23T14:23:22","modified_gmt":"2015-08-23T14:23:22","slug":"campbells-unger","status":"publish","type":"page","link":"https:\/\/nightangel.dk\/?page_id=217","title":{"rendered":"Campbells unger"},"content":{"rendered":"<p>her kan man l\u00e6ses lidt om ungernes udvikling i de f\u00f8rste par uger, med dags billeder.<br \/>\n<b>V\u00e6r opm\u00e6rksom p\u00e5, at det ikke anbefales, at h\u00e5ndtere ungerne f\u00f8r de \u00e5bner \u00f8jnene.\u00a0Dette b\u00f8r kun g\u00f8res af erfarne opdr\u00e6ttere, som kender sine dyr godt, og kan se om de bliver stressede.<\/b><\/p>\n<p>&nbsp;<\/p>\n<hr \/>\n<p>&nbsp;<\/p>\n<p><strong>0 dage gammel<\/strong><br \/>\nDagen hvor ungerne blev f\u00f8dt.<br \/>\nMan kan kun se om ungerne har r\u00f8de eller sorte \u00f8jne.<\/p>\n<p><img loading=\"lazy\" decoding=\"async\" class=\"alignnone wp-image-1675 size-full\" src=\"http:\/\/nightangel.dk\/wordpress-4.3\/wordpress\/wp-content\/uploads\/2015\/08\/c0.jpg\" alt=\"c0\" width=\"448\" height=\"335\" \/><\/p>\n<hr \/>\n<p>&nbsp;<\/p>\n<p><strong>1 dag gammel<\/strong><br \/>\nUngerne er allerede begyndt at f\u00e5 en smule pigment.<br \/>\nMan kan nu se hvilke der bliver m\u00f8rke farver (agouti, sort) og hvilke der bliver lyse (argente, dove albino)<\/p>\n<p><img loading=\"lazy\" decoding=\"async\" class=\"size-full wp-image-1676 alignnone\" src=\"http:\/\/nightangel.dk\/wordpress-4.3\/wordpress\/wp-content\/uploads\/2015\/08\/c1.jpg\" alt=\"c1\" width=\"448\" height=\"335\" \/><\/p>\n<hr \/>\n<p>&nbsp;<\/p>\n<p><strong>2 dage gammel<\/strong><br \/>\nder er kommet en smule mere pigment, men det er endnu ikke til at sige noget konkret om farverne<\/p>\n<p><strong><img loading=\"lazy\" decoding=\"async\" class=\"alignnone wp-image-1677 size-full\" src=\"http:\/\/nightangel.dk\/wordpress-4.3\/wordpress\/wp-content\/uploads\/2015\/08\/c2.jpg\" alt=\"c2\" width=\"448\" height=\"335\" \/><\/strong><\/p>\n<hr \/>\n<p>&nbsp;<\/p>\n<p><strong>3 dage gammel<\/strong><br \/>\nDer er kommet endnu mere pigment.<br \/>\nMan kan nu se om de m\u00f8rke bliver agouti eller nonagouti. P\u00e5 dette billede kan man tydeligt se at ryggen og maven vil blive forskellige farver, de to m\u00f8rke er alts\u00e5 agouti varianter.<br \/>\nDen ene lyse har f\u00e5et en smule m\u00f8rkere pigment, hvor den anden stadig er helt lys<\/p>\n<p><img loading=\"lazy\" decoding=\"async\" class=\"alignnone wp-image-1678 size-full\" src=\"http:\/\/nightangel.dk\/wordpress-4.3\/wordpress\/wp-content\/uploads\/2015\/08\/c3.jpg\" alt=\"c3\" width=\"448\" height=\"335\" \/><\/p>\n<hr \/>\n<p>&nbsp;<\/p>\n<p><strong>4 dage gammel<\/strong><br \/>\nDen ene af de to lyse er blevet mere gr\u00e5lig, mens den anden er helt hvid, sammenholdt med de r\u00f8de \u00f8jne er den helt hvide albino. Den anden lyse kan v\u00e6re dove og r\u00f8d\u00f8jet lilac<\/p>\n<p><img loading=\"lazy\" decoding=\"async\" class=\"alignnone size-full wp-image-1679\" src=\"http:\/\/nightangel.dk\/wordpress-4.3\/wordpress\/wp-content\/uploads\/2015\/08\/c4.jpg\" alt=\"c4\" width=\"448\" height=\"335\" \/><\/p>\n<hr \/>\n<p>&nbsp;<\/p>\n<p><strong>5 dage gammel<\/strong><br \/>\nPigmenterne er ved at tage mere farve efter den kommende pels, p\u00e5 de to agouti varianter ses tydeligt brune omr\u00e5der.<br \/>\nDet er endnu ikke til at sige pr\u00e6cis hvilken farve den lille gr\u00e5 er.<\/p>\n<p><img loading=\"lazy\" decoding=\"async\" class=\"alignnone size-full wp-image-1680\" src=\"http:\/\/nightangel.dk\/wordpress-4.3\/wordpress\/wp-content\/uploads\/2015\/08\/c5.jpg\" alt=\"c5\" width=\"448\" height=\"335\" \/><\/p>\n<hr \/>\n<p>&nbsp;<\/p>\n<p><strong>6 dage gammel<\/strong><br \/>\nNu er pelsen rigtigt begyndt at komme, og kan be eller afkr\u00e6fte ideerne om hvilke farver ungerne er. Det er dog endnu ikke til at se om den gr\u00e5 er dove eller r\u00f8d\u00f8jet lilac<\/p>\n<p><img loading=\"lazy\" decoding=\"async\" class=\"alignnone size-full wp-image-1681\" src=\"http:\/\/nightangel.dk\/wordpress-4.3\/wordpress\/wp-content\/uploads\/2015\/08\/c6.jpg\" alt=\"c6\" width=\"448\" height=\"335\" \/><\/p>\n<hr \/>\n<p>&nbsp;<\/p>\n<p><strong>7 dage gammel<\/strong><br \/>\nDer er kommet endnu mere pels, og man kan p\u00e5 den gr\u00e5 begynde at se et brunligt sk\u00e6r, dette tyder p\u00e5 at denne unge er dove, da r\u00f8d\u00f8jet lilac er bl\u00e5gr\u00e5 mens dove er gr\u00e5brun<\/p>\n<p><img loading=\"lazy\" decoding=\"async\" class=\"alignnone size-full wp-image-1682\" src=\"http:\/\/nightangel.dk\/wordpress-4.3\/wordpress\/wp-content\/uploads\/2015\/08\/c7.jpg\" alt=\"c7\" width=\"448\" height=\"335\" \/><\/p>\n<hr \/>\n<p>&nbsp;<\/p>\n<p><strong>8 dage gammel<\/strong><br \/>\nFarverne er n\u00e6sten fuldt udviklet, s\u00e5 det er nu kun pelsen der vokser og g\u00f8r farverne tydeligere<\/p>\n<p><img loading=\"lazy\" decoding=\"async\" class=\"alignnone size-full wp-image-1683\" src=\"http:\/\/nightangel.dk\/wordpress-4.3\/wordpress\/wp-content\/uploads\/2015\/08\/c8.jpg\" alt=\"c8\" width=\"448\" height=\"335\" \/><\/p>\n<hr \/>\n<p>&nbsp;<\/p>\n<p><strong>9 dage gammel<\/strong><br \/>\nden gr\u00e5 har f\u00e5et endnu mere brunligt sk\u00e6r, og det kan nu siges med god sikkerhed at den er dove.<br \/>\nOver de n\u00e6ste par dage vil pelsen vokse meget.<\/p>\n<p><img loading=\"lazy\" decoding=\"async\" class=\"alignnone size-full wp-image-1684\" src=\"http:\/\/nightangel.dk\/wordpress-4.3\/wordpress\/wp-content\/uploads\/2015\/08\/c9.jpg\" alt=\"c9\" width=\"448\" height=\"335\" \/><\/p>\n<hr \/>\n<p>&nbsp;<\/p>\n<p><strong>10 dage gammel<\/strong><br \/>\nPelsen er vokset en del p\u00e5 blot 1 dag.<br \/>\nUngerne begynder s\u00e5 sm\u00e5t at \u00e5bne \u00f8jnene.<\/p>\n<p><img loading=\"lazy\" decoding=\"async\" class=\"alignnone wp-image-1685 size-full\" src=\"http:\/\/nightangel.dk\/wordpress-4.3\/wordpress\/wp-content\/uploads\/2015\/08\/c10.jpg\" alt=\"c10\" width=\"448\" height=\"335\" \/><\/p>\n<hr \/>\n<p>&nbsp;<\/p>\n<p><strong>11 dage gammel<\/strong><br \/>\nIgen er pelsen vokset en hel del p\u00e5 blot 1 dag.<br \/>\n\u00d8jnene er begyndt at \u00e5bne sig helt.<\/p>\n<p><img loading=\"lazy\" decoding=\"async\" class=\"alignnone size-full wp-image-1686\" src=\"http:\/\/nightangel.dk\/wordpress-4.3\/wordpress\/wp-content\/uploads\/2015\/08\/c11.jpg\" alt=\"c11\" width=\"448\" height=\"335\" \/><\/p>\n<hr \/>\n<p>&nbsp;<\/p>\n<p><strong>12 dage gammel<\/strong><br \/>\n\u00d8jnene er nu helt \u00e5bne, og pelsen bliver ikke meget l\u00e6ngere.<br \/>\nEfter dag 12 i campbells ungers f\u00f8rste levetid er udviklingen minimal, de ligner allerede sm\u00e5 udgaver af de voksne campbells, og det eneste der mangler er at de vokser i st\u00f8rrelsen.<\/p>\n<p><img loading=\"lazy\" decoding=\"async\" class=\"alignnone size-full wp-image-1687\" src=\"http:\/\/nightangel.dk\/wordpress-4.3\/wordpress\/wp-content\/uploads\/2015\/08\/c12.jpg\" alt=\"c12\" width=\"448\" height=\"335\" \/><\/p>\n<hr \/>\n<p>&nbsp;<\/p>\n","protected":false},"excerpt":{"rendered":"<p>her kan man l\u00e6ses lidt om ungernes udvikling i de f\u00f8rste par uger, med dags billeder. V\u00e6r opm\u00e6rksom p\u00e5, at det ikke anbefales, at h\u00e5ndtere ungerne f\u00f8r de \u00e5bner \u00f8jnene.\u00a0Dette b\u00f8r kun g\u00f8res af erfarne opdr\u00e6ttere, som kender sine dyr &hellip; <a href=\"https:\/\/nightangel.dk\/?page_id=217\">Continue reading <span class=\"meta-nav\">&rarr;<\/span><\/a><\/p>\n","protected":false},"author":1,"featured_media":0,"parent":0,"menu_order":0,"comment_status":"closed","ping_status":"closed","template":"","meta":{"footnotes":""},"class_list":["post-217","page","type-page","status-publish","hentry"],"_links":{"self":[{"href":"https:\/\/nightangel.dk\/index.php?rest_route=\/wp\/v2\/pages\/217","targetHints":{"allow":["GET"]}}],"collection":[{"href":"https:\/\/nightangel.dk\/index.php?rest_route=\/wp\/v2\/pages"}],"about":[{"href":"https:\/\/nightangel.dk\/index.php?rest_route=\/wp\/v2\/types\/page"}],"author":[{"embeddable":true,"href":"https:\/\/nightangel.dk\/index.php?rest_route=\/wp\/v2\/users\/1"}],"replies":[{"embeddable":true,"href":"https:\/\/nightangel.dk\/index.php?rest_route=%2Fwp%2Fv2%2Fcomments&post=217"}],"version-history":[{"count":0,"href":"https:\/\/nightangel.dk\/index.php?rest_route=\/wp\/v2\/pages\/217\/revisions"}],"wp:attachment":[{"href":"https:\/\/nightangel.dk\/index.php?rest_route=%2Fwp%2Fv2%2Fmedia&parent=217"}],"curies":[{"name":"wp","href":"https:\/\/api.w.org\/{rel}","templated":true}]}}