{"id":2098,"date":"2019-01-20T20:42:03","date_gmt":"2019-01-20T19:42:03","guid":{"rendered":"http:\/\/nightangel.dk\/?page_id=2098"},"modified":"2019-01-20T20:42:03","modified_gmt":"2019-01-20T19:42:03","slug":"indkoebsliste","status":"publish","type":"page","link":"https:\/\/nightangel.dk\/?page_id=2098","title":{"rendered":"Indk\u00f8bsliste"},"content":{"rendered":"\n<p>Denne liste er en indk\u00f8bsliste for, hvad man efter min mening b\u00f8r k\u00f8be f\u00f8r man henter sin hamster hjem. Linket i de enkelte elementer f\u00f8rer til mine sider om emnet.<\/p>\n\n\n\n<ul class=\"wp-block-list\">\n<li><a href=\"https:\/\/nightangel.dk\/buret\">Bur<\/a>\n<ul>\n<li>Guldhamster: minimum 80x40x35 cm<\/li>\n<li>Dv\u00e6rghamster: minimum 55x40x25 cm, Anbefaler personligt minimum 70x40x30 cm<\/li>\n<\/ul>\n<\/li>\n<li>Transportkasse<\/li>\n<li><a href=\"https:\/\/nightangel.dk\/stroeelse\">Str\u00f8else<\/a><br \/>\n<ul>\n<li>Hemp<\/li>\n<li>Carefresh<\/li>\n<li>Boxo<\/li>\n<\/ul>\n<\/li>\n<li><a href=\"https:\/\/nightangel.dk\/redemateriale\">Redemateriale<\/a>\n<ul>\n<li>Toiletpapir<\/li>\n<li>Hempfibre\/kokosfibre<\/li>\n<li>Crinckles<\/li>\n<\/ul>\n<\/li>\n<li>Hjul\n<ul>\n<li>Guldhamster\n<ul>\n<li>St\u00e5ende: minimum 28 cm<\/li>\n<li>Liggende: minimum 28 cm<\/li>\n<\/ul>\n<\/li>\n<li>Dv\u00e6rghamster\n<ul>\n<li>St\u00e5ende: minimum 20 cm<\/li>\n<li>Liggende: minimum 17 cm<\/li>\n<\/ul>\n<\/li>\n<\/ul>\n<\/li>\n<li>Hus<\/li>\n<li>Leget\u00f8j\/aktivering<\/li>\n<li>Vandflaske<\/li>\n<li><a href=\"https:\/\/nightangel.dk\/fodring\">Foder<\/a><\/li>\n<li>Godbider<\/li>\n<\/ul>\n","protected":false},"excerpt":{"rendered":"<p>Denne liste er en indk\u00f8bsliste for, hvad man efter min mening b\u00f8r k\u00f8be f\u00f8r man henter sin hamster hjem. Linket i de enkelte elementer f\u00f8rer til mine sider om emnet. Bur Guldhamster: minimum 80x40x35 cm Dv\u00e6rghamster: minimum 55x40x25 cm, Anbefaler &hellip; <a href=\"https:\/\/nightangel.dk\/?page_id=2098\">Continue reading <span class=\"meta-nav\">&rarr;<\/span><\/a><\/p>\n","protected":false},"author":1,"featured_media":0,"parent":0,"menu_order":0,"comment_status":"closed","ping_status":"closed","template":"","meta":{"footnotes":""},"class_list":["post-2098","page","type-page","status-publish","hentry"],"_links":{"self":[{"href":"https:\/\/nightangel.dk\/index.php?rest_route=\/wp\/v2\/pages\/2098","targetHints":{"allow":["GET"]}}],"collection":[{"href":"https:\/\/nightangel.dk\/index.php?rest_route=\/wp\/v2\/pages"}],"about":[{"href":"https:\/\/nightangel.dk\/index.php?rest_route=\/wp\/v2\/types\/page"}],"author":[{"embeddable":true,"href":"https:\/\/nightangel.dk\/index.php?rest_route=\/wp\/v2\/users\/1"}],"replies":[{"embeddable":true,"href":"https:\/\/nightangel.dk\/index.php?rest_route=%2Fwp%2Fv2%2Fcomments&post=2098"}],"version-history":[{"count":0,"href":"https:\/\/nightangel.dk\/index.php?rest_route=\/wp\/v2\/pages\/2098\/revisions"}],"wp:attachment":[{"href":"https:\/\/nightangel.dk\/index.php?rest_route=%2Fwp%2Fv2%2Fmedia&parent=2098"}],"curies":[{"name":"wp","href":"https:\/\/api.w.org\/{rel}","templated":true}]}}