{"id":183,"date":"2015-08-23T14:18:37","date_gmt":"2015-08-23T14:18:37","guid":{"rendered":"http:\/\/nightangel.dk\/wordpress-4.3\/wordpress\/?page_id=183"},"modified":"2015-08-23T14:18:37","modified_gmt":"2015-08-23T14:18:37","slug":"fodring","status":"publish","type":"page","link":"https:\/\/nightangel.dk\/?page_id=183","title":{"rendered":"Fodring"},"content":{"rendered":"<h1 class=\"entry-title\">Fodring<\/h1>\n<div class=\"entry-content\">\n<p>P\u00e5 denne side Kan man l\u00e6se generelt om fodring og l\u00e6se om mine tests af forskellige slags foder.<\/p>\n<p>Det er vigtigt at hamstere altid har adgang til foder og frisk vand. Foderet er en essentiel del af hamsterens helbred, og kvaliteten af foderet, p\u00e5virker hamsterens liv og sundhed. Derfor er det vigtigt at v\u00e6lge et godt foder.<br \/>\nDer findes utallige slags foderblandinger og pellet foder til hamstere, og for nye med hamstere, kan det v\u00e6re sv\u00e6rt at overskue hvad der er godt og hvad der ikke er.<\/p>\n<h3>Generelle anbefalinger<\/h3>\n<p>\u2013 Fedtindholdet b\u00f8r ikke overskride\u00a0 6 %<br \/>\n&#8211; Proteinindholdet b\u00f8r v\u00e6re minimum 15 % og gerne h\u00f8jere, unders\u00f8gelser har vist at den optimale v\u00e6kst efter frav\u00e6nning f\u00e5s ved 18 % protein<br \/>\n\u2013 Undg\u00e5 foder med et stort indhold af korn, her menes prim\u00e6rt hvede. hvede indeholder ikke mange vitaminer og mineraler, og hamstere har sv\u00e6rere ved at udnytte hvedegluten end andre protein kilder.<br \/>\n\u2013 K\u00f8b ikke foder i din dagligvare butik, disse foderm\u00e6rker er stort set altid discount m\u00e6rker, og indeholder alt for meget korn.<br \/>\n\u2013 K\u00f8b ikke blandingsfodre som er bred spektret til mange gnaver arter, det indeholder ikke alt det nogen af arterne har brug for. Hamstere kan dele foder med \u00f8rkenrotter, men udover det b\u00f8r man v\u00e6re kritisk.<br \/>\n&#8211; Se p\u00e5 indholdet af fedende fr\u00f8 som solsikkerfr\u00f8, h\u00f8rfr\u00f8 og lignende. I en blanding vil det som regel v\u00e6re det der spises f\u00f8rst af hamstere, og hvis der er for mange kan det medvirke til overv\u00e6gt.<br \/>\n\u2013 Mangler indholdsfortegnelsen, eller st\u00e5r der ikke oplyst hvor meget fedt og protein der er i foderet, vil jeg anbefale man undg\u00e5r det.<br \/>\n&#8211; Er der tilsat sukker, vil jeg ogs\u00e5 anbefale man undg\u00e5r det, da hamstere ikke har s\u00e6rlig godt af raffinerede sukker produkter.<\/p>\n<\/div>\n<p><strong>Typer af foder<\/strong><\/p>\n<p>Der findes to hovedtyper af foder; blandingsfoder og pellets.<br \/>\nBlandingsfoder giver lidt st\u00f8rre variation og kan eventuelt give lidt mere mulighed for at frav\u00e6lge forskellige dele af foderet. Ofte vil hamsteren v\u00e6lge de ting der smager godt f\u00f8rst, og nogle spiser ikke alle dele af foderet.<\/p>\n<p>Pellet foder giver alt hamsteren har brug for samlet i en pellet, det eliminerer muligheden for at sortere i foderet, og sikrer derfor bedre at hamsteren f\u00e5r alt den skal have. Dette kan is\u00e6r give en fordel hos dv\u00e6rghamstere, som kan have st\u00f8rre tendens til kun at f\u00e5 spist de fedende dele af foderet f\u00f8rst.<br \/>\nPellets kan for nogle virke kedeligt, men dette kan man g\u00f8re op for ved at give lidt forskellige godbider.<\/p>\n<p><strong>Foderanbefalinger<\/strong><\/p>\n<p>Jeg har tidligere arbejdet mod at lave vurderinger p\u00e5 alle de forskellige foderm\u00e6rker. Dette er dog et stort arbejde, s\u00e5 jeg har valgt at holde mig til at skrive om de foderm\u00e6rker jeg vil anbefale.<br \/>\nJeg vil stadig l\u00f8bende holde \u00f8je med nye foderm\u00e6rker og vurdere det i forhold til om det er noget jeg vil anbefale.<\/p>\n<p><strong>Pellets<\/strong><\/p>\n<p><a href=\"https:\/\/nightangel.dk\/altromin-rotte-mus\">Altromin Rotte-mus Fortified<\/a><\/p>\n<p><a href=\"https:\/\/nightangel.dk\/mr-johnson-advance-oerkenrotte-hamster\">Mr. Johnson Advanced Hamster og \u00d8rkenrotte<\/a><\/p>\n<p>Versele-Laga Hamster Complete (side om foderet er under udarbejdelse)<\/p>\n<p><strong>Blandinger<\/strong><\/p>\n<p><a href=\"https:\/\/nightangel.dk\/mr-johnson-supreme-oerkenrotte-hamster\">Mr. Johnson Supreme Hamster og \u00d8rkenrotte<\/a><\/p>\n<p><a href=\"https:\/\/nightangel.dk\/multifit-hamster\">Multifit Hamster<\/a><\/p>\n","protected":false},"excerpt":{"rendered":"<p>Fodring P\u00e5 denne side Kan man l\u00e6se generelt om fodring og l\u00e6se om mine tests af forskellige slags foder. Det er vigtigt at hamstere altid har adgang til foder og frisk vand. Foderet er en essentiel del af hamsterens helbred, &hellip; <a href=\"https:\/\/nightangel.dk\/?page_id=183\">Continue reading <span class=\"meta-nav\">&rarr;<\/span><\/a><\/p>\n","protected":false},"author":1,"featured_media":0,"parent":0,"menu_order":0,"comment_status":"closed","ping_status":"closed","template":"","meta":{"footnotes":""},"class_list":["post-183","page","type-page","status-publish","hentry"],"_links":{"self":[{"href":"https:\/\/nightangel.dk\/index.php?rest_route=\/wp\/v2\/pages\/183","targetHints":{"allow":["GET"]}}],"collection":[{"href":"https:\/\/nightangel.dk\/index.php?rest_route=\/wp\/v2\/pages"}],"about":[{"href":"https:\/\/nightangel.dk\/index.php?rest_route=\/wp\/v2\/types\/page"}],"author":[{"embeddable":true,"href":"https:\/\/nightangel.dk\/index.php?rest_route=\/wp\/v2\/users\/1"}],"replies":[{"embeddable":true,"href":"https:\/\/nightangel.dk\/index.php?rest_route=%2Fwp%2Fv2%2Fcomments&post=183"}],"version-history":[{"count":0,"href":"https:\/\/nightangel.dk\/index.php?rest_route=\/wp\/v2\/pages\/183\/revisions"}],"wp:attachment":[{"href":"https:\/\/nightangel.dk\/index.php?rest_route=%2Fwp%2Fv2%2Fmedia&parent=183"}],"curies":[{"name":"wp","href":"https:\/\/api.w.org\/{rel}","templated":true}]}}